he second derivative of -m**3/2 - 2*m. Let d(h) = -6*h. Let s(z) = -5*c(z) + 2*d(z). Calculate s(i).
9
Let u(h) = -h**3 - 3*h**2 + 4*h - 1. Let n(v) = -v**3 + 9*v**2 - 9*v + 10. Let a be n(8). Suppose 4*x + b = -21, 2*x + a*b + 14 = x. What is u(x)?
-1
Let k(g) be the second derivative of -2*g + 1/6*g**3 + 0 + 1/3*g**4 + 1/2*g**2. Give k(-1).
4
Suppose -5*v - 5*o = -4*v - 22, -2*v + o = 0. Let w(n) = -n - 1. Let q(p) = -p - 2. Let i(s) = v*q(s) - 3*w(s). Give i(-4).
-5
Let t(y) be the first derivative of 4*y**3/3 + y**2 - 4*y - 42. What is t(-3)?
26
Let w(c) = -3*c + 3. Let i(h) = 2*h - 2. Let x(v) = 7*i(v) + 5*w(v). What is x(2)?
-1
Let t be 2*-2*(-2)/4. Let z(b) = 4*b - 3. What is z(t)?
5
Let f be ((-24)/9 - -2)/(2/(-6)). Let q(o) be the third derivative of 0 - f*o**2 + o**3 + 1/24*o**4 + 0*o. Calculate q(-3).
3
Let j = -26 + 26. Let w(q) = -q + 3. Let t(a) = -a + 3. Let m(l) = 4*t(l) - 3*w(l). Determine m(j).
3
Let x = 163 - 160. Let y(o) = -o**2 + 4*o + 4. Calculate y(x).
7
Let k(l) be the second derivative of -l**4/4 + l**2/2 + l. Let i = 43 - 14. Suppose -9 = p - 2*r, 2*p + 5*r = -2*p + i. Give k(p).
-2
Let q(x) = x**2 + 3*x - 2. Let z(n) = 1. Let v(k) = q(k) - 3*z(k). Determine v(-5).
5
Suppose -4*x + 38 = p, -25 = -x - 2*x + p. Let l(c) = -c**3 + 10*c**2 - 9*c - 10. Calculate l(x).
-10
Let o be (0 - 3) + (9 - 0). Suppose 2*h + o = -6*g + 2*g, 0 = -4*g - 5*h + 9. Let l(a) = a**2 + 4*a. Determine l(g).
0
Let a(c) = -c**2 - 10*c + 4. Let j be a(-10). Let t(v) = v + 2. Calculate t(j).
6
Suppose -9*b = -6*b. Let z(k) = -k**2 + k + 9. Calculate z(b).
9
Let o(q) = -3*q**2 + q - 19. Let d(y) = 2*y**2 - y + 10. Let w(r) = -5*d(r) - 3*o(r). What is w(5)?
-8
Let y(n) = -3*n + 2*n - 3*n**2 + 3*n + 1. Let b be 4/(-2) - (1 + -2). Calculate y(b).
-4
Let a(q) = q + 2. Suppose -2*o = 2 - 14. Give a(o).
8
Suppose 2*c = -0*c + 12. Let i(y) be the second derivative of y**3/6 - 7*y**2/2 - 2*y. Let d be i(c). Let v(o) = o + 1. Give v(d).
0
Let f(o) = o**2 - 10*o - 10. Let d be f(11). Let z(u) = u**2 + d - 4*u + 0 - 2. What is z(2)?
-5
Suppose 0 = o - c - 3 - 1, 2*c = 3*o - 8. Let y(g) = -g**3 + 11. Determine y(o).
11
Let w(h) = -h**3 - 5*h**2 - 2*h + 1. Let p(f) = -4*f**2 - 2*f - 1. Let s be p(-1). Determine w(s).
-11
Let x(d) = -2*d**2 + 5*d + 2. Let h = 72 + -42. Suppose -3*a = 3*t + a + 8, 0 = -5*t + 2*a + h. Determine x(t).
-10
Let i(f) = f + 9. Suppose 20 = -2*g + 8. What is i(g)?
3
Let m(h) be the first derivative of h**3/3 - h**2/2 - 4*h + 2. Suppose s = -2*z + 11, 4*s = 3*z + 7 + 4. What is m(z)?
2
Let a(o) be the second derivative of -o**4/12 + 2*o**3/3 + o**2 + 2*o. Let s be -4 + -1*(3 + -5). Let v = s - -7. Determine a(v).
-3
Let q(a) = -4*a - 1. Let v be 3/(6/(-4)) - -1. Let x be q(v). Let b(d) = -5*d - 4 + x - d. Give b(-1).
5
Let d(f) be the second derivative of -f**5/20 + f**4/12 + f**3/6 - 18*f. Determine d(2).
-2
Let b = 5 - 2. Suppose 12 - b = 3*h. Let l(m) = -3*m + 4*m - h*m. Determine l(4).
-8
Let h(i) = -4*i**2 - 7*i - 7. Let y(a) = a**2 + a + 1. Let j(v) = h(v) + 3*y(v). Let u(q) = -q**2 - 4*q + 2. Let t be u(-5). Give j(t).
-1
Let l(m) = -2*m + 2. Let d be l(-6). Suppose 6 + d = 4*k. Let c(z) = k - z**3 + 5*z**2 + 6*z - 5*z - 4*z. Calculate c(5).
-10
Let h = 10 + -9. Let s = 2 - h. Let u(f) be the first derivative of 3*f**2 - 1. Determine u(s).
6
Let t(o) = o**3 + 2. Suppose -2*g - 4 = 5*r + 6, -r + 1 = g. Let y(m) = 2*m - 6. Let i be y(g). Suppose 2*q - 4*q - i = 0. What is t(q)?
-6
Let l(d) = d**2 - 2*d. Let b be l(2). Let n(m) be the third derivative of m**4/24 + m**3/6 + 4*m**2. Calculate n(b).
1
Let d(i) = i**3 - 6*i**2 + 2*i - 6. Suppose -v = 4*p - 26, -3*v = 4*p + 16 - 54. Determine d(v).
6
Let g(r) = -r**2 - 13*r - 9. Let u = 1 - 6. Let x(k) = -k**2 - 14*k - 10. Let n(v) = u*g(v) + 4*x(v). What is n(-6)?
-13
Let s(m) = m**3 + m + 2. Let p = 5 + -3. Suppose -f - 4 = 6*l - 2*l, p*l = -2*f - 8. Let k be (l - 0/(-1))/(-1). Determine s(k).
2
Let a(l) = -l + 2. Let p be (-28)/(-16)*1*4. Let u(t) = -5*t + t**2 + 3*t - p*t + 2*t. Let w be u(7). Determine a(w).
2
Let c be (-2)/(-10) + 14/5. Let j(r) = r**3 - 4*r**2 + 4*r - 3. What is j(c)?
0
Let r(k) = 2*k + 1. Let g be r(2). Suppose -5*h = -0*z - 2*z + 6, 10 = -g*z. Let l(a) = a**2 + a + 1. What is l(h)?
3
Let w(b) = -2*b - 1 - 10 - 2*b + 3*b. Determine w(0).
-11
Let w(x) = -1 - x**2 - x + 6 - 5*x. Suppose 0 = -4*z - 4*v - 16, -5*z + 0*v = -v + 32. What is w(z)?
5
Let c = 77 + -84. Let v(a) = a + 5. Give v(c).
-2
Let j(k) = -k**2 - 5*k + 2. Let s be j(-4). Let c = -6 + s. Let v(n) = n**2 + 6. What is v(c)?
6
Let i(v) be the first derivative of -v**4/4 - v**3 - v**2/2 + 6. Calculate i(-2).
-2
Let a(l) = -l**2 + 5*l - 6. Let w(c) = 4*c**2 + 16*c + 4. Let y be w(-4). Give a(y).
-2
Suppose 4*c - 2*x - 6 = 6*c, -x = 0. Let o(w) be the first derivative of -w**3/3 - w**2 + 2*w - 4. What is o(c)?
-1
Suppose -4*d = 2*k + 84, -2*k - k = d + 16. Let h = d + 20. Let l(p) = 2 + p**3 - 4 - 2*p + 0*p. Give l(h).
-6
Let g(x) = -x**2 + 4*x - 1. Let k(p) = -8*p - 10. Let y(q) = 15*q + 20. Let f(i) = -11*k(i) - 6*y(i). Let r be f(-7). Let d = r - 2. Determine g(d).
3
Let s(z) = -3*z**2 + z + 1. Let t(l) = -7*l**2 + 2*l + 3. Let r(g) = 5*s(g) - 2*t(g). Let u(h) = -4. Let k(f) = 2*r(f) - u(f). What is k(2)?
-2
Let b be (6/24)/((-2)/(-72)). Let d(g) = g - 20. Calculate d(b).
-11
Let q(t) be the third derivative of -t**4/24 + t**3/6 - 3*t**2. Let r(g) = 3*g - 9. Let z(i) = 2*q(i) + r(i). Calculate z(0).
-7
Suppose -33 = 5*m - 2*f, 0 = m + 2*f - 0*f - 3. Let v(h) = h**2 + 4*h - 2. Calculate v(m).
3
Let g(f) = -f**2 - f. Let m(v) be the third derivative of v**5/15 + 7*v**4/24 - v**3/2 - v**2. Let a(n) = 3*g(n) + m(n). What is a(-5)?
2
Let s(q) = 3 - 7 - 4 - q. Let u = -6 + 6. Let o be ((-3)/(-6) + u)*0. Give s(o).
-8
Let f(o) = -o**3 + 5*o**2 - 2*o + 4. Let t(i) = 14*i + 9. Let n(m) = -5*m - 3. Let c(g) = -8*n(g) - 3*t(g). Let b be c(-4). What is f(b)?
-6
Let q(z) = 11*z + 4*z + 9 + z. Let h(a) = 3*a + 2. Let o(w) = 11*h(w) - 2*q(w). Suppose 2*c = -5*r - 28, -2*r - c = 9 + 2. What is o(r)?
-2
Let f(m) = -m**3 + m**2 + 3*m - 3. Let r(n) = 0*n + n - n - n + 10. Let l be r(7). Determine f(l).
-12
Let k(r) = -r**2 + 5*r - 1. Let h(q) = q**2 - 16*q + 19. Let f be h(15). Give k(f).
3
Let n(v) be the first derivative of -v**4/4 - v**3/3 + 2*v - 1. Let f(u) = -u**3 + 13*u**2 - 41*u - 6. Let k be f(6). Calculate n(k).
2
Suppose 0 = 2*r + 4*b + 5 + 1, 0 = -4*r - b + 16. Suppose u - v = -r + 3, 4*u - 12 = -v. Let h(d) = 4*d - u*d - 3 + 0. What is h(2)?
1
Let w(x) be the second derivative of x**6/720 + x**4/12 + 2*x. Let z(u) be the third derivative of w(u). Let b(r) = 5*r - 2. Let i be b(1). Determine z(i).
3
Let z(l) be the third derivative of -l**6/60 + l**5/15 - l**4/6 + l**3/3 + l**2. Let t be 4/(-3)*18/12. Let m be t*(-1)/2 - -1. Calculate z(m).
-6
Let r(y) = -y**2 - 10*y - 11. Suppose 3*g + 2*c = c - 22, 4*g + 3*c + 26 = 0. Calculate r(g).
5
Suppose 0 = -2*g - 3*y - 8, 12 = -2*g - 4*y - 0. Let s be 2/1*g/(-4). Let b(l) = 5*l**2 - l - 1. What is b(s)?
5
Let j(p) = -2*p**2 - p + 15. Let z(i) = i**2 - 7. Let d be (-105)/(-10)*(-4)/(-6). Let t(r) = d*z(r) + 3*j(r). Give t(3).
-4
Let p be 77/49 - 6/(-14). Let x(c) = -3*c + c**3 - 7 + 13 - 9 - c**p. Determine x(3).
6
Let s(l) = 4*l**2 - 4*l + 2. Let r(g) = -g**2 - 15*g - 54. Let p be r(-7). Give s(p).
10
Let m(n) = -9*n - 1. Let q(u) = -28*u - 3. Let j(f) = 8*m(f) - 3*q(f). What is j(-1)?
-11
Let l(n) = n**3 - 11*n**2 - 12*n + 6. Let c be l(12). Let q(s) = -s + 8. Give q(c).
2
Let k(p) = -2*p + 9. Let r(v) = v - 1. Let g(s) = -k(s) - r(s). Suppose -5*h - 2*m = -4, 4*h - 22 = 4*m - 2. Let x be h - 9/6*-2. Calculate g(x).
-3
Let m = 8 + -7. Let y(b) = b**2 - b + 1. Let a(n) = n. Let d(v) = m*y(v) + 5*a(v). Suppose 3*f = -3*q - 24, -5*f + 15 = 3*q + 45. What is d(f)?
-2
Let h(a) = a**2 - 4*a - 1. Let j(q) = -q**3 - 3*q**2 + 3. Let n be j(-3). Determine h(n).
-4
Let r(f) = 2*f**2 + 5*f - 9. Let x(h) = 0*h**2 - h**2 + 6 - 1 - 3*h. Let p be 0 + 2/((-6)/9). Let l(i) = p*r(i) - 5*x(i). Calculate l(2).
-2
Let o(i) = -13*i + 1. Let j(n) = 1. Let z(x) = -2*j(x) + o(x). What is z(-1)?
12
Let n = -21 - -20. Let g(z) = 5*z. Calculate g(n).
-5
Let y(o) = 5*o + 3. Let n(c) = 4*c +